 Let m(u) be the first derivative of t(u). What is m(-1)?
3
Let t(v) be the first derivative of -2*v - 36 - 1/2*v**2. Give t(-3).
1
Let d(y) be the third derivative of y**5/60 - 5*y**4/24 - 882*y**2 - 2*y + 1. Let v(x) = -x - 1. Let z be v(-6). Calculate d(z).
0
Let r(g) = -11008*g - 11000*g + 22017*g + 3*g**2 - 62. Determine r(5).
58
Let k(m) = -2*m**2 - 3*m + 4. Suppose 3*a = -2*r + 40, -r = 5 - 1. Let x be (-2)/(-10) - (a/5)/1. Calculate k(x).
-5
Let k(i) be the first derivative of -7/2*i**2 + 2*i**3 - 8*i + 95 + 1/4*i**4. Suppose 5*y + 36 = 1. Calculate k(y).
-8
Let f(n) = -n**3 + 9*n**2 + 9*n + 13. Let a = -238 + 752. Suppose 524 = b + a. Give f(b).
3
Let o(z) be the second derivative of 4*z**3/3 - z**2/2 - 269*z. Suppose 0 = -d - 7*d. Suppose 11*b - 6*b - 5 = d. Give o(b).
7
Let n = -18 - -27. Let l = n + -6. Let s(k) = k**2 + 1 + 0*k**2 - 3*k - 2*k**2 - k**2 - 2 + k**3. Calculate s(l).
-1
Suppose -5 + 1 = -2*b. Suppose 0 = -2*q + 5*n - b, 4*n = 2*q - 5*q + 20. Let v(d) = -q + 4 + 1 - d. What is v(8)?
-7
Suppose 34*x = 43*x - 27. Let c(t) = 2 + 2*t - x*t**2 + 3 - 6. Give c(1).
-2
Let y(b) be the third derivative of b**6/120 - 3*b**5/20 - b**4/2 + 5*b**3/3 + 966*b**2 - b. Give y(10).
-10
Suppose 34*q + 23*q - 1254 = 0. Let a be (4/(-3))/(4/(-6)). Let p(n) = 3 + n**a + 9*n + 7*n - q*n. Calculate p(6).
3
Let k(t) = -70*t + 3577. Let h be k(51). Let d(b) = b**2 - 7*b - 18. Determine d(h).
-18
Suppose 0 = n - 3*n + 366. Let m = -324 - -326. Let s(j) = 96 + 91 - n + m*j. Give s(6).
16
Let w(q) = -6*q - 55. Suppose -5*m - 5*h - 40 = 0, -4*m - h - 35 = -9. Calculate w(m).
-19
Let h(c) = -2*c**2 + c + 1. Let t(f) = -8*f**2 - f + 1. Let k be t(1). Let o be ((-36)/(-8))/(9/12). Let y = o + k. Give h(y).
-9
Let s(c) be the third derivative of c**4/24 - 11*c**3/6 - 1619*c**2. Calculate s(7).
-4
Let l(w) = 2*w - 47. Suppose -31*i = 627 - 1061. Determine l(i).
-19
Let l(q) be the third derivative of -q**5/60 - q**4/6 - 5*q**3/6 + 4148*q**2 - 2*q. Give l(0).
-5
Let t(j) = -3*j + 1. Let x(r) = 1. Let i(c) = -t(c) + 5*x(c). Let y be ((-6)/(108/45))/(25/(-30)). Determine i(y).
13
Let g = -2721 + 2717. Let d(a) be the first derivative of a**2/2 - 2. Determine d(g).
-4
Let o(b) = 4*b**2 - 6*b - 16. Let a(j) = -9*j**2 + 14*j + 33. Let p(r) = 3*a(r) + 7*o(r). Let z(t) be the first derivative of p(t). What is z(3)?
6
Let d(t) = t**2 + 8*t + 9. Let s be d(-6). Let c(n) = -n**2 - 2*n + 5. Let k be c(s). Let y(h) = -22*h + 1 + 18*h + k. Give y(3).
-9
Let p(a) be the first derivative of a**5/60 - 5*a**4/12 - 2*a**3/3 - 27*a**2/2 + 85. Let x(c) be the second derivative of p(c). Calculate x(11).
7
Suppose 3*w = -2*q + 30 - 13, w - 6 = -q. Let z(d) = 77*d - 74*d - q + 30*d**2 + d**3 - 25*d**2. What is z(-4)?
3
Let t(k) = -190*k - 1896. Let p be t(-10). Let j(m) be the third derivative of 1/8*m**4 + p*m**2 + 0 + 5/6*m**3 + 0*m. Give j(-6).
-13
Let z = 30 - 28. Let h(j) = j**2 + 6*j. Let s(q) = 6*q**2 + 27*q - 3. Let k(o) = -5*h(o) + s(o). Give k(z).
-5
Let x = -222 + 116. Let y = x + 104. Let z(o) = o**3 + 2*o**2 + 3*o + 2. What is z(y)?
-4
Let b(p) = p**2 + 16*p + 65. Let h be b(-7). Let g(z) = h - 8*z + 8*z + 8*z. Calculate g(-1).
-6
Let b(f) be the third derivative of -f**6/120 - f**5/60 + 5*f**3/6 - 10803*f**2. What is b(2)?
-7
Let l = -368 - -370. Let x(n) = -2*n + 2 + 14*n**2 - 9*n**l - 11*n**2. Let c be -1*((-3)/(-3) - -1). Determine x(c).
-18
Let t(b) be the first derivative of 17*b**2/2 + 10*b - 5031. Calculate t(-2).
-24
Let b(m) = 3*m**3 - 7*m**3 - 2 + 3. Let i be 63/9 - (-27)/(-3) - 0/(-2). Calculate b(i).
33
Let p(v) = -9*v - 4. Let q(i) = -13*i - 6. Let d = -559 - -554. Let c(f) = d*q(f) + 7*p(f). Calculate c(3).
8
Let v(l) = l**2 + 3*l. Let r(b) = -4*b**2 - 26*b - 54. Let i(q) = r(q) + 3*v(q). Determine i(-13).
-2
Let h(o) = 2*o + 659*o**2 + 33*o**3 - 1346*o**2 + 688*o**2 - 3. Determine h(1).
33
Let u(w) = -64*w + 15 + 9 + 38*w + 37*w. Determine u(-4).
-20
Let z(u) = -u**2 - 11*u - 9. Let p be z(-10). Let q(n) be the second derivative of 0*n**2 + 5/6*n**3 - 14*n + 1. Give q(p).
5
Let t(r) = r**3 - 31*r**2 + 206*r + 32. Let i be t(10). Let u(z) = -z**3 - 7*z**2 + 12*z + 18. Calculate u(i).
-14
Let h(x) = -1189969 - 23*x + 1189842 + 11*x. Determine h(-10).
-7
Suppose -x - 8*x - 9 = 0. Let g(i) = i**2. Let o(r) = 3*r**2 - r - 15. Let m(v) = x*o(v) + 4*g(v). Let t(u) be the first derivative of m(u). Determine t(-2).
-3
Let a(r) = -65*r - 41. Let k(o) = 51*o + 41. Let f(d) = -2*a(d) - 3*k(d). What is f(-2)?
5
Let c(x) be the third derivative of x**6/60 - x**5/60 - x**4/24 + 7*x**3/2 + 4669*x**2. What is c(0)?
21
Let r(t) be the second derivative of -t**3/2 + 11*t**2/2 - 2*t. Let d = 19412 - 19407. Give r(d).
-4
Let o(g) = 52*g**3 + 11*g**2 - 8*g - 82 - 16*g**3 - 16*g**3 - 19*g**3. Determine o(-11).
6
Let j be 117 + (-3)/((-6)/(-8)). Let x be (-4 - (1 + -5)) + j. Let b(n) = -114 + x + 20*n**3 - 4*n**3 - 2*n. Determine b(-1).
-15
Suppose 8*o = -6*o + 294. Let k be 28/o + (-2)/6. Let r(z) = 5*z + 5 + k - 3 + z**2 + 1. Give r(-3).
-2
Let b(v) be the third derivative of -v**5/12 + 11*v**4/24 + v**3 + 163*v**2. Calculate b(3).
-6
Let k(p) = -645*p - 1277. Let b be k(-2). Let q(u) = -u**3 + 15*u**2 - 27*u + 4. Give q(b).
-9
Let b(f) = -f + 11. Let q(w) = -w**2 + 7*w - 6. Suppose -k - 10 = -2*k. Let l be q(k). Let h be (l/(-15))/((-3)/(-10)). Give b(h).
3
Let t(d) be the second derivative of 1/6*d**3 + 0 - 1/12*d**4 - 1/2*d**2 - d - 3/20*d**5. What is t(2)?
-27
Let b(c) = -319*c**2 - 247*c - 488. Let i(h) = 452*h**2 + 346*h + 683. Let d(r) = 17*b(r) + 12*i(r). What is d(49)?
-2
Let i be (-6)/(-4) + (-5)/(-2). Suppose -h = o + 4, o - 16 = -i*h - 17. Let x(l) be the first derivative of -4*l**3/3 - l**2/2 + l + 3. Calculate x(h).
-4
Let u(g) be the second derivative of -g**4/24 - g**3/3 + 5*g**2/2 - 2*g. Let l(x) be the first derivative of u(x). Let w be 3 - 23/(23/6). Calculate l(w).
1
Let n(q) be the second derivative of -q**3/6 - 17*q**2/2 - 149*q. Let a be n(-26). Let p(y) = 2*y - 11. What is p(a)?
7
Let g(y) = y**3 - 10*y**2 + 7*y + 10. Let z be -1 - 8 - 4 - -22. Calculate g(z).
-8
Let b = -2911 - -2892. Let l(n) = -n**2 - 17*n + 8. Determine l(b).
-30
Let h(l) = -l**2 + 7 + 0 + 2 + 7*l. Let w = 21 + -18. Suppose -s - 2*v = -1, -1 = -w*v - 10. Determine h(s).
9
Let v = 101 + -120. Let x(n) = -3*n - 37. Let b be x(v). Let p(c) = -4 - c**3 + 11*c**2 + b*c + 0*c**2 - 29*c. Calculate p(10).
6
Suppose 364 = 75*m + 5 - 166. Let r(a) = -4*a + 29. Calculate r(m).
1
Let u be (-104)/182 - (-12)/21. Let g(t) = 6*t - 1. Determine g(u).
-1
Let z = -47 - -49. Let m(i) = 2*i + 4 + z - 4 + 0 + 2*i**2. Calculate m(-4).
26
Let a(g) = -148*g**2 + 135*g - 16. Let t(k) = 27*k**2 - 27*k + 3. Let q(o) = 4*a(o) + 22*t(o). What is q(27)?
2
Let v(i) be the third derivative of 1/20*i**5 + 4*i + 5*i**2 + 0 - 1/120*i**6 + 2/3*i**3 + 1/8*i**4. Calculate v(4).
0
Let s = -311 - -278. Let x(l) = 7*l + 230. Let z be x(s). Let w(t) = -2*t**3 + t**2 + t + 1. Determine w(z).
3
Let h be -2*(-19 + 0 + 6). Suppose 8*r = -h - 14. Let s(c) = -c**2 - 5*c - 2. Give s(r).
-2
Let a(l) be the second derivative of -l**3/2 + l**2/2 + 3*l. Suppose -3*p + 172 = -5*p. Let r = 83 + p. Give a(r).
10
Let c(p) = p**2 - 6*p - 3. Suppose 16*x = 170 - 122. What is c(x)?
-12
Let v(z) = -335 + z**2 + 41 + 36*z + 193 + 133 + 151. Give v(-30).
3
Suppose 0 = -h + 4*h. Suppose h = 5*z + 4*a - 83, -4*a - a + 61 = 4*z. Let j = z + -12. Let l(d) = -d**3 + 6*d**2 + 9*d - 9. Determine l(j).
5
Let o(h) = -2*h + 3. Suppose -2*p - 4*x = p - 182, -4*p - 3*x + 245 = 0. Let g = 62 - p. Suppose g = -q - 3*z - 2*z - 21, 26 = 4*q - 2*z. Give o(q).
-5
Let k(y) be the third derivative of y**5/60 + 11*y**4/12 - 49*y**3/6 + 5*y**2 - 41*y. Give k(-23).
-26
Suppose -223*m + 46 = -99*m - 78*m. Let q(o) = -3*o - 1. Let n be q(-1). Let a(i) = n*i - 3*i - 6*i. Give a(m).
-7
Suppose g + 25 = 2*g - 3*q, -5*g = q - 45. Suppose -5*j - 20 = 4*s, g*j + 25 = 15*j - 5*s. Let b(x) = 0*x**2 - 3 + 12 - x - x**3 + 3 + x**2. What is b(j)?
12
Let t(q) = 2. Let i(p) = -16*p + 47. Let d(m) = 3*m - 10. Let u(j) = 11*d(j) + 2*i(j). Let a(z) = -6*t(z) - u(z). Let s = 7 + -11. What is a(s)?
8
Let f(a) = 35*a**3 + 2*a**2 - 8*a + 2. Let o(v) = -27*v**3 - v**2 + 7*v - 1